426?
True
Is 113231727 a multiple of 20?
False
Is 8 a factor of 707628838?
False
Is 56 a factor of 157908240?
True
Is 177428014 a multiple of 338?
False
Is 2179234232 a multiple of 29?
True
Does 33 divide 52902663?
True
Is 134209200 a multiple of 1153?
True
Is 19 a factor of 75528876?
True
Is 77342744 a multiple of 46?
True
Is 3 a factor of 77770596?
True
Is 7 a factor of 1700148828?
True
Is 23806017 a multiple of 3033?
True
Is 21103800 a multiple of 4?
True
Does 219 divide 41610?
True
Is 819 a factor of 15973844?
False
Does 68 divide 23075800?
True
Is 12 a factor of 2733530170?
False
Is 312033630 a multiple of 3059?
False
Does 628 divide 4779930273?
False
Is 1261765199 a multiple of 12991?
False
Is 113 a factor of 369127834?
True
Does 133 divide 252903020?
False
Is 12 a factor of 35226744?
True
Is 408 a factor of 97434489?
False
Does 1180 divide 45197540?
True
Does 3 divide 1707867?
True
Does 132 divide 1794037212?
True
Is 7654 a factor of 596757084?
False
Is 1904674170 a multiple of 11?
False
Is 18370966 a multiple of 3496?
False
Does 15 divide 58920885?
True
Is 43 a factor of 24267222?
True
Is 106 a factor of 18010825?
False
Is 1135663410 a multiple of 46?
True
Is 23415220 a multiple of 5?
True
Is 1271 a factor of 20090697?
True
Is 65231221 a multiple of 19?
False
Is 2604 a factor of 136608444?
True
Does 684 divide 236689398?
False
Does 1523 divide 34745891?
False
Does 44 divide 181310624?
True
Is 5 a factor of 297443195?
True
Is 290 a factor of 5819720?
True
Is 8180 a factor of 281416723?
False
Is 10 a factor of 123637530?
True
Does 938 divide 459978918?
False
Is 270381724 a multiple of 107?
True
Does 203 divide 235776077?
False
Is 16 a factor of 14313936?
True
Is 42 a factor of 3055865737?
False
Is 37526388 a multiple of 1094?
True
Is 5802114038 a multiple of 2226?
False
Does 84 divide 1712811996?
True
Is 757 a factor of 75157231?
True
Is 217 a factor of 756655292?
False
Does 13 divide 315812744?
True
Does 12 divide 3078985332?
True
Is 727516341 a multiple of 211?
False
Is 640309157 a multiple of 3118?
False
Is 1142833524 a multiple of 615?
False
Is 2899260 a multiple of 10?
True
Does 35 divide 186753492?
False
Does 34 divide 934561060?
True
Is 14882880 a multiple of 10?
True
Does 2230 divide 1073062620?
True
Is 539 a factor of 180364431?
False
Is 502100 a multiple of 4?
True
Is 93723102 a multiple of 1494?
True
Is 113317759 a multiple of 17?
False
Is 2040272884 a multiple of 8306?
False
Is 226 a factor of 192470487?
False
Is 326530759 a multiple of 9?
False
Is 789126816 a multiple of 12?
True
Does 1936 divide 10198619?
False
Does 185 divide 1558447585?
True
Is 50702547 a multiple of 22?
False
Is 8868640 a multiple of 16?
True
Is 115796080 a multiple of 680?
False
Is 2265 a factor of 55380929?
False
Is 357 a factor of 9248799?
True
Is 28 a factor of 1333261?
False
Is 4914651 a multiple of 499?
True
Does 576 divide 6376363466?
False
Is 6507308 a multiple of 367?
False
Is 15 a factor of 564685491?
False
Is 1823 a factor of 1087180178?
False
Is 32 a factor of 40483190?
False
Is 250 a factor of 11912434?
False
Is 438385299 a multiple of 3?
True
Does 49 divide 74566534?
True
Does 6 divide 90670333?
False
Does 10854 divide 1833479388?
True
Does 4626 divide 554532498?
True
Does 146 divide 3007892?
True
Is 1142 a factor of 14360441?
False
Is 72 a factor of 1919948616?
True
Is 442532363 a multiple of 143?
False
Is 28 a factor of 2906036?
True
Does 377 divide 209855919?
True
Is 10 a factor of 96362958?
False
Is 47 a factor of 82878860?
True
Is 200 a factor of 36957200?
True
Does 25 divide 321633475?
True
Is 5675790 a multiple of 62?
True
Is 55204902 a multiple of 210?
False
Is 56 a factor of 1166521298?
False
Is 708064185 a multiple of 4065?
False
Is 91684627 a multiple of 3?
False
Is 13 a factor of 12335091?
False
Is 16 a factor of 47164439?
False
Is 782 a factor of 38935650?
False
Does 2615 divide 487543852?
False
Does 5007 divide 2051272767?
True
Is 1648476 a multiple of 2?
True
Is 1640 a factor of 36508642?
False
Is 7 a factor of 1055584161?
False
Does 8 divide 479275148?
False
Does 199 divide 242166579?
False
Is 612 a factor of 453809628?
True
Is 1415 a factor of 37759275?
True
Is 20 a factor of 97374340?
True
Is 605 a factor of 84484620?
True
Is 1407 a factor of 124112737?
False
Does 967 divide 421058569?
False
Is 11611 a factor of 3204131742?
False
Is 81869298 a multiple of 21?
True
Is 1480356826 a multiple of 1027?
True
Does 65 divide 480088115?
True
Is 16060320 a multiple of 19?
True
Is 557 a factor of 1158553975?
False
Is 12 a factor of 509039340?
True
Is 57 a factor of 42985125?
True
Does 2 divide 37676500?
True
Is 81959127 a multiple of 58?
False
Does 1093 divide 999100466?
False
Does 871 divide 34099650?
True
Does 99 divide 1608417180?
False
Is 792 a factor of 119798712?
True
Is 17 a factor of 123474111?
True
Is 90 a factor of 113327280?
True
Is 3487 a factor of 50067019?
False
Is 123 a factor of 37204179?
True
Is 99 a factor of 2138590194?
False
Does 7 divide 1689607913?
True
Does 4742 divide 582017990?
False
Is 27 a factor of 45754578?
True
Is 26 a factor of 17281186?
True
Is 5 a factor of 864421790?
True
Does 104 divide 161358704?
True
Is 8119404 a multiple of 12?
True
Is 4298209374 a multiple of 3858?
True
Is 224 a factor of 585889024?
True
Is 2636200334 a multiple of 20?
False
Is 4 a factor of 528428062?
False
Is 7 a factor of 9598113?
True
Is 20995038 a multiple of 126?
False
Does 611 divide 162571825?
True
Does 218 divide 11693672?
False
Does 33 divide 46795221?
True
Does 71 divide 81280067?
False
Is 36868266 a multiple of 246?
True
Is 128773044 a multiple of 423?
True
Is 6 a factor of 31004772?
True
Is 251 a factor of 13048486?
True
Is 139359990 a multiple of 2013?
True
Is 42893441 a multiple of 1050?
False
Does 2598 divide 93456639?
False
Is 8994 a factor of 1140245570?
False
Is 11782118 even?
True
Does 78 divide 77852268?
True
Is 5111969 a multiple of 1980?
False
Is 51 a factor of 910613402?
False
Is 34 a factor of 33629944?
True
Is 7 a factor of 247756372?
False
Does 502 divide 1081868570?
False
Is 1092196 a multiple of 532?
True
Does 52 divide 12997920?
True
Is 120 a factor of 1703916054?
False
Is 394645508 a multiple of 5?
False
Is 12237787 a multiple of 32?
False
Is 571549602 a multiple of 101?
False
Is 15824046 a multiple of 42?
True
Does 254 divide 390351547?
False
Is 124771616 a multiple of 18?
False
Does 13 divide 2865655?
True
Is 9022 a factor of 1971848320?
True
Does 16 divide 16746866?
False
Is 120262821 a multiple of 303?
True
Does 1546 divide 7861410?
True
Does 40 divide 481944726?
False
Does 19 divide 8321753?
True
Does 928 divide 36068576?
True
Does 53 divide 3626422445?
True
Is 43018303 a multiple of 10?
False
Does 38 divide 1253818442?
False
Does 244 divide 110931362?
False
Is 1970578125 a multiple of 625?
True
Does 185 divide 33852965?
True
Is 206565610 a multiple of 192?
False
Does 11 divide 534409568?
True
Is 780 a factor of 605363881?
False
Is 528088607 a multiple of 208?
False
Is 9 a factor of 39204729?
True
Is 387415 a multiple of 3?
False
Is 155 a factor of 75888406?
False
Is 3127633272 a multiple of 10084?
True
Is 1029842 a multiple of 22?
True
Is 2 a factor of 6176678?
True
Does 1622 divide 9916908?
True
Is 7 a factor of 329199780?
True
Is 67325578 a multiple of 12?
False
Is 508711616 a multiple of 7?
True
Is 41111571 a multiple of 11?
False
Is 897 a factor of 42806634?
True
Is 79099118 a multiple of 3437?
True
Is 19 a factor of 7039805?
False
Is 1827065448 a multiple of 312?
True
Is 68583202 a multiple of 986?
True
Does 35 divide 354002950?
True
Is 850205892 a multiple of 433?
True
Is 481639151 a multiple of 19?
True
Is 5472096 a multiple of 476?
True
Is 835 a factor of 26062459?
False
Is 136561000 a multiple of 340?
True
Does 668 divide 5553138?
False
Does 4582 divide 2096773067?
False
Is 7627096 a multiple of 326?
True
Is 2 a factor of 2029310?
True
Is 14 a factor of 478534027?
False
Is 218 a factor of 5736462?
False
Does 21 divide 5624040422?
False
Is 29649306 a multiple of 4736?
False
Is 33 a factor of 9155835?
False
Does 17 divide 7962283565?
False
Is 6287360 a multiple of 128?
True
Does 3935 divide 186076325?
False
Is 2532 a factor of 656825160?
False
Does 137 divide 126890359?
True
Does 